 z = f - 24. List the prime factors of f.
2, 23
Suppose 2*g - 540 = -0*k - 4*k, 0 = 5*k + g - 669. Let b = k - 39. List the prime factors of b.
2, 47
Let y(t) = -4*t + 73. What are the prime factors of y(-29)?
3, 7
Suppose -h + 20*m - 24*m + 24 = 0, -3*m + 58 = 2*h. What are the prime factors of h?
2
Let v(b) = 9 + 63*b - 6 - 4. Let i be v(1). Suppose 4*q = -3*z + 127, 0 = -2*q - 0*q - 2*z + i. List the prime factors of q.
2, 17
Let k = 296 - 95. List the prime factors of k.
3, 67
Suppose f + 44 = -4*w, 0 = w - f - 4*f - 10. Let u(l) = 2*l + 3. Let j be u(-3). Let r = j - w. List the prime factors of r.
7
Suppose -3*u - 3*v - 115 = -4*v, 0 = -5*u - v - 197. Let x = 49 + -55. What are the prime factors of u/(-6) + 9/x?
5
What are the prime factors of 191727/324*(-16)/(-3)?
2, 3, 263
Let t = 88 + -11. What are the prime factors of t?
7, 11
Let g(b) = -179*b - 215. List the prime factors of g(-12).
1933
Let y(b) = -19*b - 3. Suppose 3*l - 5*i + 6 = -2, 0 = -5*i + 20. Suppose -l*w = 2*p + p - 14, 2*p + w = 1. List the prime factors of y(p).
5, 7
List the prime factors of 21471/45 + 6/(-45).
3, 53
Suppose 0 = -5*t + 527 + 1778. What are the prime factors of t?
461
Suppose 2*c - 44 = -2. Suppose -c*y = -17*y - 96. What are the prime factors of y?
2, 3
Let d be ((-3 - 0) + (-13)/(-1))*2. List the prime factors of (142/(-4))/(2 - d/8).
71
List the prime factors of (202/(-4) + 1)*14/(-3).
3, 7, 11
Let x(b) = -3*b**2 - 109*b - 9. What are the prime factors of x(-21)?
3, 11, 29
Let x(g) = -69*g**3 - g**2 - g. Suppose -4*b - 7*b - 11 = 0. List the prime factors of x(b).
3, 23
Let t(g) = -g**2 - 3*g - 2. Let v be t(0). List the prime factors of (472/(-24))/(v/12).
2, 59
Suppose -8*p = -6*p - 6. Suppose d + 8 = 4*f, 2*d = f + p*f - 8. Suppose -24 = -u + f. List the prime factors of u.
2, 13
Let o(j) = -2*j**3 - 4*j**2 - 2*j + 3. Let y be o(-4). Let b = y + -35. List the prime factors of b.
2, 5
Suppose 2*z + 28 = 6*z. Suppose 2*n + 24 + 6 = 5*j, j + 2*n = -6. Suppose -3*c = -j*i - 232, z*i - 344 = -5*c + 3*i. What are the prime factors of c?
2, 3
Suppose 11134 = 22*n - 9326. What are the prime factors of n?
2, 3, 5, 31
Let q be -1 + 109 + -1 + 0. Let g = q + -62. List the prime factors of g.
3, 5
Suppose 1135 = 2*y - 3*j - 433, j = 0. List the prime factors of y.
2, 7
Let c(s) = -s**2 - 6*s - 9. Let m = -28 + 24. Let f be c(m). List the prime factors of -1*(48 + -1)*f.
47
Suppose 0 = k - r - 350, 4*r + 2 = -14. What are the prime factors of k?
2, 173
Let z(t) = 22*t**3 - 7*t**2 - 3*t - 8. What are the prime factors of z(3)?
2, 257
List the prime factors of (98/(-8))/(12 - 95779/7980).
3, 5, 7
Suppose 9*j + 540 = 13*j. Let n = j - -68. List the prime factors of n.
7, 29
Let g(h) = h**2 + 8*h - 4. Let d be g(-8). What are the prime factors of 54 - (9 + d + -2)?
3, 17
What are the prime factors of (1 - (-103 - -1))/((-1)/(-1))?
103
Suppose -4*r + t - 35 = 0, r + 5 = -4*t - 25. Let b = 11 + r. Let j(m) = 14*m**3 - m. What are the prime factors of j(b)?
13
Let i = -32 + 130. Let d = i + -50. List the prime factors of d.
2, 3
Suppose 5*m + 0*m - 1565 = 0. Suppose -4*u + m = -6*n + 5*n, -4*u - 4*n = -288. List the prime factors of u.
7, 11
Suppose 0 = -7*q + 661 + 242. Let j = 205 - q. List the prime factors of j.
2, 19
Suppose k - 1376 = p + p, 8*p = -5*k + 6862. What are the prime factors of k?
2, 3, 229
Let j(u) = u**2 - 11*u - 1. Let w be j(11). Let r = w + 3. Suppose -6 + r = -h. What are the prime factors of h?
2
Suppose -4*j - 1927 = -3*l + 234, 2*l - 4*j - 1438 = 0. List the prime factors of l.
3, 241
Let g(r) = -r**3 + 5*r**2 - 4*r**3 + 6 + r**2 + 6*r**3 + 2*r. Let z be g(-6). What are the prime factors of (-1)/(-1) + (24 - z)?
31
Let j = 146 - -507. List the prime factors of j.
653
Let r = 211 + -323. Let a = -25 - r. List the prime factors of a.
3, 29
Let o(i) = 19*i**2 + 1. Let r be o(2). Suppose -v + 346 = 4*a + r, 137 = 2*a + v. What are the prime factors of a?
2, 3, 11
Let i(k) = k**2 + 2*k - 39. What are the prime factors of i(-18)?
3, 83
Let z = 88 + -57. Let t = z + -27. List the prime factors of t.
2
Let n(s) = s - 20. Let t be (3 + (-46)/14)*-7. Let y(z) = 2*z - 19. Let f(a) = t*y(a) - 3*n(a). What are the prime factors of f(0)?
2, 11
What are the prime factors of (-7)/(4 - (-75)/(-10)) + 1073?
5, 43
Let o(q) = 39*q**2 + q - 25. List the prime factors of o(3).
7, 47
Let b(v) = -13*v + 11*v + 5*v + 6*v**2 - v + 4. Suppose 2 = u - 3*s - 2*s, 8 = 4*u - 4*s. List the prime factors of b(u).
2
Let w(a) = -a**3 + 2*a**2 + 9*a. Let d = 7 + -3. List the prime factors of w(d).
2
Let u = 17 - 15. Suppose -p + 2*v + 18 = -u*v, -5*v - 30 = -5*p. Suppose 37 = p*m - 39. List the prime factors of m.
2, 19
Let w = -638 - -1052. List the prime factors of w.
2, 3, 23
Let a(v) = 6*v**3 + 6*v. Let k be a(3). Let t = -107 + k. Let y = -43 + t. List the prime factors of y.
2, 3, 5
Suppose -40 = 34*n - 44*n. Suppose -1971 = n*t - 13*t. What are the prime factors of t?
3, 73
Let h be (-15)/30 - 13/2. What are the prime factors of (h*3/12)/(2/(-8))?
7
Let a(z) = -42*z**3 - 12*z**2 - 35*z - 13. List the prime factors of a(-4).
43, 61
Let o(y) be the second derivative of y**4/12 - 2*y**3/3 + y**2/2 - 5*y. Let d be o(5). Let b = d + 0. List the prime factors of b.
2, 3
Suppose 4*o + 0*o - 4*d + 16 = 0, -12 = -2*o - 2*d. Let n = 6 + o. Suppose 19 - n = c. List the prime factors of c.
2, 3
Let r(b) = 2*b + 27. Let t be r(-17). Let q(h) = 4*h**2 + 8*h + 10. What are the prime factors of q(t)?
2, 3, 5
Let x be (-39)/(-12)*(14 - 6). Suppose 0 = -5*j + x + 24. What are the prime factors of j?
2, 5
Suppose -a - 326 = -4*v - 108, 5*v = -5*a + 260. Suppose -3*q + v = -4*m, -41 = -4*q - m - 4*m. Suppose q*b + 10 = 19*b. What are the prime factors of b?
2
Let j(w) = 21*w - 3*w - 6*w + 24*w - 23. List the prime factors of j(3).
5, 17
Let x be (-38840)/(-35) - 2/(-7). Suppose 0 = 5*g - 3*a - x, 4*a - 8*a = -g + 205. List the prime factors of g.
3, 5
Suppose 745 + 11 = -9*m. Let q = 156 + m. List the prime factors of q.
2, 3
Let n be (1 + 9/(-6))/((-3)/18). Suppose o - n*o = -136. What are the prime factors of o?
2, 17
What are the prime factors of (1*-2)/(8*(-6)/4296)?
179
Let l = -41 - -208. Suppose l = 5*r - 133. What are the prime factors of r?
2, 3, 5
Suppose 0 = -m + 12 + 71. Let j = -56 + m. List the prime factors of j.
3
Suppose y + 2*h - 1048 = -3*y, -y = -3*h - 269. List the prime factors of y.
263
List the prime factors of ((-6721)/44 + 1)/(2/(-24)).
3, 607
Suppose -5*j = -0*j - 2600. What are the prime factors of j?
2, 5, 13
Suppose p + 122 = 3*r, p - 2*p = r - 34. Suppose -c - 3*t + r = 0, -t = c + 2*c - 125. List the prime factors of c.
2, 3, 7
Let s be (-4 + 8 - 21)*-2. Suppose 0 = 3*y + 3*h - 29 - 37, -s = -y + 5*h. List the prime factors of y.
2, 3
Let t(a) = 15*a**2 + 8*a - 253. What are the prime factors of t(-12)?
1811
Let u(a) = -8 - 35*a + 1 + 13 + 11. List the prime factors of u(-3).
2, 61
Let a(l) = l**2 + l + 39. Let p be a(0). Let m = p + 23. What are the prime factors of m?
2, 31
Suppose -3*i - i + 9 = 5*v, -4*v - 2*i + 12 = 0. Suppose v*w = 767 + 73. What are the prime factors of w?
2, 3, 7
What are the prime factors of (12 - 10)/((-2 - -3)/43)?
2, 43
Let u(k) = -3 - 10 + 3 + 0*k - 8*k. What are the prime factors of u(-9)?
2, 31
What are the prime factors of ((-4449)/(-6))/((-33)/(-66))?
1483
Suppose -2*q = 1168 - 3498. List the prime factors of q.
5, 233
Let z be 42*(-4)/(-24)*-8. Let j = 125 + z. List the prime factors of j.
3, 23
Let l(c) = -c + 6. Let s(z) = -z**3 + 4*z**2 + 6*z. Let k be s(5). Let y be l(k). What are the prime factors of 0 + 30 + y - 3?
2, 7
Let d(w) = 3*w - 19. Let s be d(4). Let b(a) = 3*a**2 + 10*a - 3. List the prime factors of b(s).
2, 37
Let g = 32 + -21. Let i = -13 + g. What are the prime factors of (-4)/(-3)*(-39)/i?
2, 13
Let d = 86 + -82. Suppose d*c - 41 = 151. List the prime factors of c.
2, 3
Suppose 7 = -o - i, o + 10 = -2*i - 1. Let f = 8 + o. Suppose c + 2*c + 3*v = 72, -4*v + 117 = f*c. What are the prime factors of c?
3, 7
Suppose 15*g = 14*g + 40. Suppose -3*k = -2*k - g. List the prime factors of k.
2, 5
Let a(c) = 7*c**3 - 11*c**2 + 14*c + 3. What are the prime factors of a(6)?
3, 401
Let i = 503 + 0. What are 